76 + 206. What is the tens digit of z?
3
Let f = -13 + 24. Let u be 96/(-44) + 2/f. Let r = 9 - u. What is the tens digit of r?
1
Let n = 937 + 2538. What is the tens digit of n?
7
Suppose 0 = 14*k - 9*k - 4530. What is the tens digit of k?
0
Let p = -27 + 33. Let a = p + 7. What is the units digit of a?
3
Let i be (9/(-6))/(1/(-2)). Let n(t) = 2 - 7 - i + 4*t. What is the units digit of n(6)?
6
What is the thousands digit of (-81219)/(-21) + (1 - (-22)/(-14))?
3
Let r = 24 + -16. Let i(f) = -6*f**2 + 10*f + 5. Let j(s) = -s**2. Let n(l) = i(l) - 5*j(l). What is the tens digit of n(r)?
2
Suppose -13*c + 134 + 48 = 0. Suppose 3*z - 240 = 3*l, -c = -z + 4*l + 66. What is the units digit of z?
0
Let d be -1 + (-3)/((-3)/88). Suppose 7*b = 276 - d. What is the tens digit of b?
2
Let t = 9 + -9. Suppose d - 2*s + 7 = t, 2*s = 5*d - 0*s - 5. Suppose d*y - 57 = a - 3*a, -a - 57 = -3*y. What is the tens digit of y?
1
Let s = 677 - -496. What is the tens digit of s?
7
Suppose 6680 = 10*k - 13550. What is the hundreds digit of k?
0
Let h = 3246 + -774. What is the units digit of h?
2
Let f be 2/(-7) - 2512/28. Let x = -62 - f. What is the units digit of x?
8
Suppose 63*m = 282912 - 79296. What is the tens digit of m?
3
Let v(s) = -18*s + 4. Let c(r) = -r**2 + r + 3. Let p be c(3). What is the tens digit of v(p)?
5
Let n(r) = r**3 - 22*r**2 - 93*r + 45. What is the tens digit of n(27)?
7
Let x(z) = 2 + 0*z - 5 - 3*z + 11*z. Let r be x(-3). What is the tens digit of 1/2 + r/(-2)?
1
Let s(n) = 17*n**3 - 6*n**2 + 19*n - 6. What is the tens digit of s(3)?
5
Suppose -9*h + 1 = -8*h. Let x(s) = 67*s**3 + s**2 - 2*s + 1. What is the units digit of x(h)?
7
Let l = 1299 + -170. What is the units digit of l?
9
Suppose 5*i = i - 32. What is the tens digit of -114*4/i + -1?
5
Let l be 13 - 12 - (-2)/2. Suppose -28 = -k - 2*f, k - 2*f - l*f = 52. What is the units digit of k?
6
Suppose 1938 = 2*d - 5*r, 4*d - 3*r - 3912 = -2*r. What is the units digit of d?
9
Suppose 2151 = 2*w - 3*u, -17*w + 22*w = -2*u + 5349. What is the hundreds digit of w?
0
Suppose 0 = -2*t + 2*f - 86, 0*f - 6 = -3*f. What is the tens digit of (1 - 0) + -6 + 5 - t?
4
What is the tens digit of (-68343)/(-11) - 6/(-3 - -4)?
0
Suppose -9*s = -6*s + 4*l - 5329, 0 = -5*l + 5. What is the tens digit of s?
7
Let k(d) be the first derivative of -d**4/2 + d**3 + d**2 - 14. What is the units digit of k(-1)?
3
Suppose -9*p = -2*p - 1148. Suppose 6*x - 4*x - p = 0. What is the units digit of x?
2
Let n(x) be the third derivative of 0*x**4 - 1/30*x**6 + 1/3*x**3 - 2*x**2 - 1/20*x**5 + 0 + 0*x. What is the units digit of n(-2)?
2
Let s(i) = i**2 + 5*i + 3. Let j be s(-5). Suppose -j*v + 169 = 4*r, -3*r = -2*v + r + 146. What is the units digit of v?
3
Suppose -8*k - 8 - 56 = 0. Let t = 35 + k. What is the units digit of t?
7
Let j(m) = -39*m + 41. What is the tens digit of j(-15)?
2
Suppose 57*f - 51*f = 378. Suppose -9 = -m - 5*i + 18, -2*m + i + 10 = 0. Suppose -4*q + m*q = f. What is the units digit of q?
1
Suppose 332 = -s - 5*f, -f - f + 616 = -2*s. Let w = s + 578. What is the tens digit of w?
6
Let x be (1 - (1 - 3)) + 267. Suppose -4*y + 9*y = x. Let i = -17 + y. What is the units digit of i?
7
Suppose -3*z + 2*g + 1110 = -726, -4*z - 3*g + 2448 = 0. What is the tens digit of z?
1
Let m = 13 - 4. What is the tens digit of (47/(-4))/(((-9)/4)/m)?
4
Let w = -24 + 27. Suppose 15 = 5*x - 2*j, -w*x + 20 = 4*j - 15. Suppose t = -x*h + 2*t + 125, -121 = -4*h + 5*t. What is the tens digit of h?
2
Let t(z) = 268*z - 13. Let b be t(3). What is the tens digit of (b/21)/(2/(6 - 0))?
1
What is the tens digit of 21/35 + 657/5?
3
Let w = 37 - 34. Suppose -16 = -w*c + 128. What is the tens digit of c?
4
Let s(o) = 13 + 8*o - o**2 + 3 + 0 + 0*o**2. Let u be s(7). Let b = u - 3. What is the tens digit of b?
2
Let j(l) = 45*l**3 + 2*l**2 - 4*l - 5. Let i be j(-2). Let d = -78 - i. What is the tens digit of d?
7
Suppose 3*l - l = 0. Suppose -m + 3*p - 82 = l, p - 5 = -1. What is the units digit of 6/5*m/(-3)?
8
Let v(a) be the second derivative of a**5/20 - a**4/4 - 5*a**3/6 + 3*a**2/2 + 3*a. Let f be v(4). What is the units digit of (f - 5)*7/(-14)?
3
Suppose -6*g - 5*g + 12056 = 0. What is the tens digit of 4/5 - g/(-10)*2?
2
Let o = 1553 + -824. What is the units digit of o?
9
Suppose -z + 7080 = 14*z. Suppose 5*n + 53 = -4*u + z, -395 = -4*u + 3*n. What is the units digit of u?
1
Let l(r) = r**3 - 4*r**2 + r - 1. Let s be l(4). Let y be (5 - -7)*s/4. Suppose 0*b = b - y. What is the units digit of b?
9
Suppose 3*q + 536 = 7*q + 5*y, 3*q + y = 391. What is the tens digit of q?
2
Let j be -90*5/(25/36). What is the hundreds digit of (j/20)/(16/(-5) - -3)?
1
Let r(h) = -h**2 + 7*h + 1. Let m be r(6). Suppose -m*d = -2*d. Suppose d = -o + 22. What is the units digit of o?
2
Let y = 1723 - 360. What is the hundreds digit of y?
3
Suppose 2*i - 3*x = 12, -5*i - 4 = 3*x - 13. Suppose 0 = -i*h - 3*p + 330, 4*h + 3*p = -2*p + 445. What is the tens digit of h?
0
Let w(y) = -19*y**2 - 9. Let o(c) = c. Let i(n) = 6*o(n) - w(n). What is the hundreds digit of i(-4)?
2
Let c(m) = 46*m**2 - 28*m - 143. What is the thousands digit of c(-7)?
2
Let a(h) = h**3 + h. Let q(j) = -11*j**3 + 2*j**2 - 4*j. Let u(f) = 4*a(f) + q(f). Let b be u(-2). Suppose -3*t = -11 - b. What is the tens digit of t?
2
Let c = -63 + 140. Let x be 63/c + 2/11. Suppose -4*i + m = -0*m - 15, -3*m - x = -i. What is the units digit of i?
4
Let h(f) = 16*f**2 - 14*f - 14. Let o be h(7). Suppose 0 = -0*v + 4*v + 4, 5*y = -3*v + o. What is the tens digit of y?
3
Let u(w) = 36*w**2 + 2*w + 1. What is the tens digit of u(-3)?
1
Let p = -46 + 48. What is the tens digit of p/(-6)*-411 + 2?
3
Let y(a) = 3*a**2 + 9*a - 2. Let j be y(6). Suppose -4*g + j = -2*g. Suppose 3*x - 53 + 8 = 3*t, 5*x - g = 4*t. What is the tens digit of x?
2
Let i be ((-2)/10*1)/(6/(-60)). Suppose -4*q - 3*c + 8 = -0*c, 4*c = -3*q + 6. Suppose -q*a + 3 = a, -i*h + a + 131 = 0. What is the tens digit of h?
6
Suppose p + p - 4*r - 286 = 0, -3*p = 2*r - 389. What is the units digit of p?
3
Let b(i) = i**2 + 6*i - 7. Let q be 3*((-24)/9 - -4). Suppose d = -4*a + q, -5*d - 48 = a + 2*a. What is the units digit of b(d)?
5
Suppose 0 = -3*t + 3*h + 5685, t = 5*t + 3*h - 7573. What is the tens digit of t?
9
Let b(m) = 2*m**2 - 31*m - 14. What is the units digit of b(25)?
1
Let g(a) = a**2 - 6*a - 9. Let j be g(8). Let i be (-3)/(4 - j)*19. Suppose 3*x - 53 = i. What is the units digit of x?
4
Let p(f) be the third derivative of -29*f**4/8 - 13*f**2. What is the tens digit of p(-1)?
8
Let u(s) = 2*s - 4. Let x = 7 + -4. What is the units digit of u(x)?
2
Let i = 697 + -687. Let n be (-2)/6 + (-16)/6. Let q = i + n. What is the units digit of q?
7
Suppose -q + 5 = 3*v, v = q + q - 10. Suppose 3*r = -5*t + 355, -q*r - 355 = -6*t + t. What is the tens digit of t?
7
Let o = -160 + -474. Let x = -447 - o. What is the hundreds digit of x?
1
Let a be (-2720)/24 + 2/(-3). Let d = a + 249. Suppose 0 = -4*q + d + 1. What is the units digit of q?
4
Let t = 418 + 83. What is the hundreds digit of t?
5
Let u be (19/(-2))/((-1)/(-4)). Let o = -30 - u. Let q(d) = 6*d + 20. What is the units digit of q(o)?
8
Let p(c) = -11*c - 7*c - 2*c + 20 + 2*c**2 + 7*c. What is the units digit of p(8)?
4
Suppose -2*f + 5*q = -954, 0 = 3*q - 0*q. What is the units digit of f?
7
Let y = 52 + -62. What is the units digit of 3 - 2*395/y?
2
Suppose 0 = -5*d + 3*x - 250, 3*d - 5*x + 56 = -78. Let y = d - -74. What is the tens digit of y?
2
Let o(t) = 24 - 5*t + 6*t - 2*t + 32. What is the units digit of o(-14)?
0
Suppose -20 = -0*x - 4*x. Suppose -758 = -4*j + k, 3*j + 0*k = -k + 565. Suppose 31 = 3*n - x*h - 78, -5*n + j = -h. What is the units digit of n?
8
Let v(a) = a**2 + a - 63. What is the tens digit of v(-35)?
2
Suppose -3*q + 1209 = -q + 5*r, -2*q - 3*r + 1207 = 0. What is the tens digit of q?
0
Suppose -3*z - 3*z - 558 = 0. Let o be (-8)/4 + -2 - z. Suppose -147 = -4*s + o. What is the tens digit of s?
5
What is the hundreds digit of (15628/10)/(424/(-40) + 11)?
9
Suppose -y + 726 = 2*r - 5*y, 2*r - 2*y = 718. What is the hundreds digit of r?
3
Let i = 3571 - 2382. What is the thousands digit of i?
1
Let n be ((-8)/(-24))/((-2